{"id":1033,"date":"2025-09-23T11:48:24","date_gmt":"2025-09-23T09:48:24","guid":{"rendered":"https:\/\/frsc.pl\/sklep\/?post_type=product&#038;p=1033"},"modified":"2026-04-16T22:28:40","modified_gmt":"2026-04-16T20:28:40","slug":"dolegliwosci-bolowe-okolicy-ledzwiowo-krzyzowej-okiem-frsc","status":"publish","type":"product","link":"https:\/\/frsc.pl\/sklep\/p\/produkt\/dolegliwosci-bolowe-okolicy-ledzwiowo-krzyzowej-okiem-frsc\/","title":{"rendered":"Dolegliwo\u015bci b\u00f3lowe okolicy l\u0119d\u017awiowo-krzy\u017cowej okiem FRSc"},"content":{"rendered":"\n<div class=\"wp-block-uagb-tabs uagb-block-6eadd825 uagb-tabs__wrap uagb-tabs__hstyle2-desktop uagb-tabs__vstyle6-tablet uagb-tabs__stack1-mobile\" data-tab-active=\"0\"><ul class=\"uagb-tabs__panel uagb-tabs__align-left\" role=\"tablist\"><li class=\"uagb-tab uagb-tabs__active\" role=\"none\"><a href=\"#uagb-tabs__tab0\" class=\"uagb-tabs-list uagb-tabs__icon-position-left\" data-tab=\"0\" role=\"tab\"><div>Informacje<\/div><\/a><\/li><li class=\"uagb-tab \" role=\"none\"><a href=\"#uagb-tabs__tab1\" class=\"uagb-tabs-list uagb-tabs__icon-position-left\" data-tab=\"1\" role=\"tab\"><div><strong>Darmowe DEMO<\/strong><\/div><\/a><\/li><\/ul><div class=\"uagb-tabs__body-wrap\">\n<div class=\"wp-block-uagb-tabs-child uagb-tabs__body-container uagb-inner-tab-0\" aria-labelledby=\"uagb-tabs__tab0\">\n<p><strong>Dolegliwo\u015bci b\u00f3lowe okolicy l\u0119d\u017awiowo-krzy\u017cowej okiem FRSc&nbsp; \u2013 ksi\u0105\u017cka i ebook<\/strong><\/p>\n\n\n\n<h2 class=\"wp-block-heading\">Nowo\u015b\u0107 w FRSc!<\/h2>\n\n\n\n<p>Pierwszy taki projekt i na pewno nie ostatni. Zacz\u0119\u0142o si\u0119 od pomys\u0142u na ebooka, ale szybko doszli\u015bmy do wniosku, \u017ce musi powsta\u0107 te\u017c wersja drukowana. Dlatego dzi\u015b oddajemy w Wasze r\u0119ce&nbsp;<strong>ksi\u0105\u017ck\u0119 oraz ebooka o b\u00f3lach L-S<\/strong>.<\/p>\n\n\n\n<h2 class=\"wp-block-heading\">O czym jest ta publikacja?<\/h2>\n\n\n\n<p>To kompleksowe spojrzenie na b\u00f3le L-S \u2013 okiem specjalist\u00f3w FRSc. Znajdziesz w niej:<\/p>\n\n\n\n<ul class=\"wp-block-list\">\n<li><strong>Opis najcz\u0119stszych jednostek chorobowych<\/strong>&nbsp;mog\u0105cych prowokowa\u0107 dolegliwo\u015bci L-S \u2013 oparty na wsp\u00f3\u0142czesnych danych naukowych.<\/li>\n\n\n\n<li><strong>Radiologia w praktyce<\/strong>&nbsp;\u2013 podstawowe wskaz\u00f3wki, na co zwr\u00f3ci\u0107 uwag\u0119 i czego szuka\u0107.<\/li>\n\n\n\n<li><strong>Stosunek FRSc<\/strong>&nbsp;\u2013 komentarze, obserwacje i mo\u017cliwo\u015bci terapeutyczne, jakie daje koncepcja FRS w poszczeg\u00f3lnych jednostkach.<\/li>\n\n\n\n<li><strong>Strategie i metody post\u0119powania<\/strong>&nbsp;\u2013 praktyczne podej\u015bcie do terapii.<\/li>\n\n\n\n<li><strong>Przypadki kliniczne<\/strong>&nbsp;\u2013 prosto z gabinet\u00f3w naszych instruktor\u00f3w.<\/li>\n\n\n\n<li><strong>Dwie niespodzianki na zako\u0144czenie<\/strong>&nbsp;\u2013 dla dociekliwych i dla filozof\u00f3w.<\/li>\n<\/ul>\n\n\n<style>.kb-row-layout-id1033_d63927-d4 > .kt-row-column-wrap{align-content:start;}:where(.kb-row-layout-id1033_d63927-d4 > .kt-row-column-wrap) > .wp-block-kadence-column{justify-content:start;}.kb-row-layout-id1033_d63927-d4 > .kt-row-column-wrap{column-gap:var(--global-kb-gap-md, 2rem);row-gap:var(--global-kb-gap-md, 2rem);padding-top:var(--global-kb-spacing-sm, 1.5rem);padding-bottom:var(--global-kb-spacing-sm, 1.5rem);grid-template-columns:repeat(2, minmax(0, 1fr));}.kb-row-layout-id1033_d63927-d4 > .kt-row-layout-overlay{opacity:0.30;}@media all and (max-width: 1024px){.kb-row-layout-id1033_d63927-d4 > .kt-row-column-wrap{grid-template-columns:repeat(2, minmax(0, 1fr));}}@media all and (max-width: 767px){.kb-row-layout-id1033_d63927-d4 > .kt-row-column-wrap{grid-template-columns:minmax(0, 1fr);}}<\/style><div class=\"kb-row-layout-wrap kb-row-layout-id1033_d63927-d4 alignnone wp-block-kadence-rowlayout\"><div class=\"kt-row-column-wrap kt-has-2-columns kt-row-layout-equal kt-tab-layout-inherit kt-mobile-layout-row kt-row-valign-top\">\n<style>.kadence-column1033_50cec5-9f > .kt-inside-inner-col,.kadence-column1033_50cec5-9f > .kt-inside-inner-col:before{border-top-left-radius:0px;border-top-right-radius:0px;border-bottom-right-radius:0px;border-bottom-left-radius:0px;}.kadence-column1033_50cec5-9f > .kt-inside-inner-col{column-gap:var(--global-kb-gap-sm, 1rem);}.kadence-column1033_50cec5-9f > .kt-inside-inner-col{flex-direction:column;}.kadence-column1033_50cec5-9f > .kt-inside-inner-col > .aligncenter{width:100%;}.kadence-column1033_50cec5-9f > .kt-inside-inner-col:before{opacity:0.3;}.kadence-column1033_50cec5-9f{position:relative;}@media all and (max-width: 1024px){.kadence-column1033_50cec5-9f > .kt-inside-inner-col{flex-direction:column;justify-content:center;}}@media all and (max-width: 767px){.kadence-column1033_50cec5-9f > .kt-inside-inner-col{flex-direction:column;justify-content:center;}}<\/style>\n<div class=\"wp-block-kadence-column kadence-column1033_50cec5-9f\"><div class=\"kt-inside-inner-col\">\n<h2 class=\"wp-block-heading\">Dla kogo?<\/h2>\n\n\n\n<p>Nie musisz zna\u0107 koncepcji FRSc, aby skorzysta\u0107 z tej publikacji.<\/p>\n\n\n\n<ul class=\"wp-block-list\">\n<li><strong>Dla specjalist\u00f3w FRSc<\/strong>&nbsp;\u2013 to \u017ar\u00f3d\u0142o strategii i praktycznych narz\u0119dzi.<\/li>\n\n\n\n<li><strong>Dla innych terapeut\u00f3w i specjalist\u00f3w pracuj\u0105cych z narz\u0105dem ruchu<\/strong>&nbsp;\u2013 teoria, radiologia oraz logika interpretacji jednostek chorobowych stanowi\u0105 warto\u015bciowy materia\u0142 do codziennej praktyki.<\/li>\n<\/ul>\n\n\n\n<h2 class=\"wp-block-heading\">Dlaczego warto?<\/h2>\n\n\n\n<ul class=\"wp-block-list\">\n<li>Po\u0142\u0105czenie&nbsp;<strong>teorii, praktyki i do\u015bwiadczenia klinicznego<\/strong>.<\/li>\n\n\n\n<li>Materia\u0142y oparte o&nbsp;<strong>aktualne dane naukowe<\/strong>.<\/li>\n\n\n\n<li>Mo\u017cliwo\u015b\u0107 wyboru formy:&nbsp;<strong>ksi\u0105\u017cka drukowana lub ebook<\/strong>.<\/li>\n<\/ul>\n<\/div><\/div>\n\n\n<style>.kadence-column1033_89d5bb-ba > .kt-inside-inner-col,.kadence-column1033_89d5bb-ba > .kt-inside-inner-col:before{border-top-left-radius:0px;border-top-right-radius:0px;border-bottom-right-radius:0px;border-bottom-left-radius:0px;}.kadence-column1033_89d5bb-ba > .kt-inside-inner-col{column-gap:var(--global-kb-gap-sm, 1rem);}.kadence-column1033_89d5bb-ba > .kt-inside-inner-col{flex-direction:column;}.kadence-column1033_89d5bb-ba > .kt-inside-inner-col > .aligncenter{width:100%;}.kadence-column1033_89d5bb-ba > .kt-inside-inner-col:before{opacity:0.3;}.kadence-column1033_89d5bb-ba{position:relative;}@media all and (max-width: 1024px){.kadence-column1033_89d5bb-ba > .kt-inside-inner-col{flex-direction:column;justify-content:center;}}@media all and (max-width: 767px){.kadence-column1033_89d5bb-ba > .kt-inside-inner-col{flex-direction:column;justify-content:center;}}<\/style>\n<div class=\"wp-block-kadence-column kadence-column1033_89d5bb-ba\"><div class=\"kt-inside-inner-col\">\n<figure class=\"wp-block-embed is-type-video is-provider-youtube wp-block-embed-youtube wp-embed-aspect-9-16 wp-has-aspect-ratio\"><div class=\"wp-block-embed__wrapper\">\n<iframe loading=\"lazy\" title=\"KSI\u0104\u017bKA - Dolegliwo\u015bci b\u00f3lowe okolicy l\u0119d\u017awiowo-krzy\u017cowej okiem FRSc\" width=\"422\" height=\"750\" src=\"https:\/\/www.youtube.com\/embed\/25ZQVRiMnRY?feature=oembed\" frameborder=\"0\" allow=\"accelerometer; autoplay; clipboard-write; encrypted-media; gyroscope; picture-in-picture; web-share\" referrerpolicy=\"strict-origin-when-cross-origin\" allowfullscreen><\/iframe>\n<\/div><\/figure>\n<\/div><\/div>\n\n<\/div><\/div>\n\n\n<h2 class=\"wp-block-heading\">Zam\u00f3w dowoln\u0105 wersj\u0119<\/h2>\n\n\n\n<ul class=\"wp-block-list\">\n<li>ksi\u0105\u017cka &#8211; wersja drukowana<\/li>\n\n\n\n<li>e-book &#8211; wersja elektroniczna<\/li>\n<\/ul>\n\n\n\n<h2 class=\"wp-block-heading\">Specyfikacja<\/h2>\n\n\n\n<ul class=\"wp-block-list\">\n<li>Strony: 150<\/li>\n\n\n\n<li>Autorzy: Rados\u0142aw Sk\u0142adowski, Kamil Kozakowski, Krzysztof Skibi\u0144ski<\/li>\n\n\n\n<li>Ksi\u0105\u017cka dost\u0119pna jest w formie wydrukowanej i elektronicznej, co pozwala na \u0142atwe pobranie i korzystanie na r\u00f3\u017cnych urz\u0105dzeniach. <br>Wersja elektroniczna nie jest przeznaczona do druku.<\/li>\n<\/ul>\n\n\n\n<p class=\"has-small-font-size\">Zgodnie z art. 38 pkt 13 ustawy z dnia 30 maja 2014 r. o prawach konsumenta, prawo odst\u0105pienia od umowy zawartej na odleg\u0142o\u015b\u0107 nie przys\u0142uguje konsumentowi w odniesieniu do um\u00f3w o dostarczanie tre\u015bci cyfrowych, kt\u00f3re nie s\u0105 zapisane na no\u015bniku materialnym, je\u017celi spe\u0142nianie \u015bwiadczenia rozpocz\u0119\u0142o si\u0119 za wyra\u017an\u0105 zgod\u0105 konsumenta przed up\u0142ywem terminu do odst\u0105pienia od umowy i po poinformowaniu go przez przedsi\u0119biorc\u0119 o utracie prawa odst\u0105pienia od umowy.<\/p>\n<\/div>\n\n\n\n<div class=\"wp-block-uagb-tabs-child uagb-tabs__body-container uagb-inner-tab-1\" aria-labelledby=\"uagb-tabs__tab1\">\n<getresponse-form form-id=\"d760f7b1-3d1b-470e-9bba-90acf62e0aab\" e=\"0\"><\/getresponse-form>\n<\/div>\n<\/div><\/div>\n","protected":false},"excerpt":{"rendered":"<p>Kompleksowe spojrzenie na b\u00f3le L-S okiem FRSc \u2013 w formie ksi\u0105\u017cki i ebooka. Znajdziesz tu opis najcz\u0119stszych jednostek chorobowych, praktyczne wskaz\u00f3wki radiologiczne, strategie terapeutyczne oraz przypadki kliniczne prosto z gabinet\u00f3w. To warto\u015bciowe narz\u0119dzie zar\u00f3wno dla terapeut\u00f3w znaj\u0105cych koncepcj\u0119 FRSc, jak i specjalist\u00f3w pracuj\u0105cych z dolegliwo\u015bciami narz\u0105du ruchu.<\/p>\n","protected":false},"featured_media":1044,"comment_status":"open","ping_status":"closed","template":"","meta":{"_uag_custom_page_level_css":"","site-sidebar-layout":"default","site-content-layout":"","ast-site-content-layout":"default","site-content-style":"default","site-sidebar-style":"default","ast-global-header-display":"","ast-banner-title-visibility":"","ast-main-header-display":"","ast-hfb-above-header-display":"","ast-hfb-below-header-display":"","ast-hfb-mobile-header-display":"","site-post-title":"","ast-breadcrumbs-content":"","ast-featured-img":"","footer-sml-layout":"","ast-disable-related-posts":"","theme-transparent-header-meta":"","adv-header-id-meta":"","stick-header-meta":"","header-above-stick-meta":"","header-main-stick-meta":"","header-below-stick-meta":"","astra-migrate-meta-layouts":"default","ast-page-background-enabled":"default","ast-page-background-meta":{"desktop":{"background-color":"var(--ast-global-color-4)","background-image":"","background-repeat":"repeat","background-position":"center center","background-size":"auto","background-attachment":"scroll","background-type":"","background-media":"","overlay-type":"","overlay-color":"","overlay-opacity":"","overlay-gradient":""},"tablet":{"background-color":"","background-image":"","background-repeat":"repeat","background-position":"center center","background-size":"auto","background-attachment":"scroll","background-type":"","background-media":"","overlay-type":"","overlay-color":"","overlay-opacity":"","overlay-gradient":""},"mobile":{"background-color":"","background-image":"","background-repeat":"repeat","background-position":"center center","background-size":"auto","background-attachment":"scroll","background-type":"","background-media":"","overlay-type":"","overlay-color":"","overlay-opacity":"","overlay-gradient":""}},"ast-content-background-meta":{"desktop":{"background-color":"var(--ast-global-color-5)","background-image":"","background-repeat":"repeat","background-position":"center center","background-size":"auto","background-attachment":"scroll","background-type":"","background-media":"","overlay-type":"","overlay-color":"","overlay-opacity":"","overlay-gradient":""},"tablet":{"background-color":"var(--ast-global-color-5)","background-image":"","background-repeat":"repeat","background-position":"center center","background-size":"auto","background-attachment":"scroll","background-type":"","background-media":"","overlay-type":"","overlay-color":"","overlay-opacity":"","overlay-gradient":""},"mobile":{"background-color":"var(--ast-global-color-5)","background-image":"","background-repeat":"repeat","background-position":"center center","background-size":"auto","background-attachment":"scroll","background-type":"","background-media":"","overlay-type":"","overlay-color":"","overlay-opacity":"","overlay-gradient":""}}},"product_brand":[],"product_cat":[15],"product_tag":[],"class_list":{"0":"post-1033","1":"product","2":"type-product","3":"status-publish","4":"has-post-thumbnail","6":"product_cat-produkt","7":"desktop-align-left","8":"tablet-align-left","9":"mobile-align-left","11":"first","12":"instock","13":"taxable","14":"shipping-taxable","15":"purchasable","16":"product-type-variable"},"uagb_featured_image_src":{"full":["https:\/\/frsc.pl\/sklep\/wp-content\/uploads\/2025\/09\/ksiazka-dolegliwosci-bolowe-okolicy-ledzwiowo-krzyzowej-okiem-FRSc.png",1024,681,false],"thumbnail":["https:\/\/frsc.pl\/sklep\/wp-content\/uploads\/2025\/09\/ksiazka-dolegliwosci-bolowe-okolicy-ledzwiowo-krzyzowej-okiem-FRSc-150x150.png",150,150,true],"medium":["https:\/\/frsc.pl\/sklep\/wp-content\/uploads\/2025\/09\/ksiazka-dolegliwosci-bolowe-okolicy-ledzwiowo-krzyzowej-okiem-FRSc-300x200.png",300,200,true],"medium_large":["https:\/\/frsc.pl\/sklep\/wp-content\/uploads\/2025\/09\/ksiazka-dolegliwosci-bolowe-okolicy-ledzwiowo-krzyzowej-okiem-FRSc-768x511.png",768,511,true],"large":["https:\/\/frsc.pl\/sklep\/wp-content\/uploads\/2025\/09\/ksiazka-dolegliwosci-bolowe-okolicy-ledzwiowo-krzyzowej-okiem-FRSc.png",1024,681,false],"1536x1536":["https:\/\/frsc.pl\/sklep\/wp-content\/uploads\/2025\/09\/ksiazka-dolegliwosci-bolowe-okolicy-ledzwiowo-krzyzowej-okiem-FRSc.png",1024,681,false],"2048x2048":["https:\/\/frsc.pl\/sklep\/wp-content\/uploads\/2025\/09\/ksiazka-dolegliwosci-bolowe-okolicy-ledzwiowo-krzyzowej-okiem-FRSc.png",1024,681,false],"woocommerce_thumbnail":["https:\/\/frsc.pl\/sklep\/wp-content\/uploads\/2025\/09\/ksiazka-dolegliwosci-bolowe-okolicy-ledzwiowo-krzyzowej-okiem-FRSc-300x300.png",300,300,true],"woocommerce_single":["https:\/\/frsc.pl\/sklep\/wp-content\/uploads\/2025\/09\/ksiazka-dolegliwosci-bolowe-okolicy-ledzwiowo-krzyzowej-okiem-FRSc-600x399.png",600,399,true],"woocommerce_gallery_thumbnail":["https:\/\/frsc.pl\/sklep\/wp-content\/uploads\/2025\/09\/ksiazka-dolegliwosci-bolowe-okolicy-ledzwiowo-krzyzowej-okiem-FRSc-100x100.png",100,100,true]},"uagb_author_info":{"display_name":"pepiz","author_link":"https:\/\/frsc.pl\/sklep\/blog\/author\/"},"uagb_comment_info":53,"uagb_excerpt":"Kompleksowe spojrzenie na b\u00f3le L-S okiem FRSc \u2013 w formie ksi\u0105\u017cki i ebooka. Znajdziesz tu opis najcz\u0119stszych jednostek chorobowych, praktyczne wskaz\u00f3wki radiologiczne, strategie terapeutyczne oraz przypadki kliniczne prosto z gabinet\u00f3w. To warto\u015bciowe narz\u0119dzie zar\u00f3wno dla terapeut\u00f3w znaj\u0105cych koncepcj\u0119 FRSc, jak i specjalist\u00f3w pracuj\u0105cych z dolegliwo\u015bciami narz\u0105du ruchu.","_links":{"self":[{"href":"https:\/\/frsc.pl\/sklep\/wp-json\/wp\/v2\/product\/1033","targetHints":{"allow":["GET"]}}],"collection":[{"href":"https:\/\/frsc.pl\/sklep\/wp-json\/wp\/v2\/product"}],"about":[{"href":"https:\/\/frsc.pl\/sklep\/wp-json\/wp\/v2\/types\/product"}],"replies":[{"embeddable":true,"href":"https:\/\/frsc.pl\/sklep\/wp-json\/wp\/v2\/comments?post=1033"}],"wp:featuredmedia":[{"embeddable":true,"href":"https:\/\/frsc.pl\/sklep\/wp-json\/wp\/v2\/media\/1044"}],"wp:attachment":[{"href":"https:\/\/frsc.pl\/sklep\/wp-json\/wp\/v2\/media?parent=1033"}],"wp:term":[{"taxonomy":"product_brand","embeddable":true,"href":"https:\/\/frsc.pl\/sklep\/wp-json\/wp\/v2\/product_brand?post=1033"},{"taxonomy":"product_cat","embeddable":true,"href":"https:\/\/frsc.pl\/sklep\/wp-json\/wp\/v2\/product_cat?post=1033"},{"taxonomy":"product_tag","embeddable":true,"href":"https:\/\/frsc.pl\/sklep\/wp-json\/wp\/v2\/product_tag?post=1033"}],"curies":[{"name":"wp","href":"https:\/\/api.w.org\/{rel}","templated":true}]}}